{"id":8,"date":"2019-10-04T17:06:20","date_gmt":"2019-10-04T17:06:20","guid":{"rendered":"http:\/\/leer-haltern.de\/?page_id=8"},"modified":"2024-06-28T19:18:14","modified_gmt":"2024-06-28T19:18:14","slug":"vorstand","status":"publish","type":"page","link":"http:\/\/leer-haltern.de\/?page_id=8","title":{"rendered":"Vorstand"},"content":{"rendered":"\n<h2 class=\"wp-block-heading\"><strong>Vorstand 2024<\/strong><\/h2>\n\n\n\n<p><\/p>\n\n\n\n<figure class=\"wp-block-table\"><table><tbody><tr><td>1.Vorsitzender:<\/td><td>Frank Berning<\/td><\/tr><tr><td>2.Vorsitzender:<\/td><td>Hendrik Viefhues<\/td><\/tr><tr><td>Schriftf\u00fchrer:<\/td><td>Jens Budde<\/td><\/tr><tr><td>Kassierer:<\/td><td>Chris Gro\u00dfe-Kleimann<\/td><\/tr><tr><td><\/td><td><\/td><\/tr><tr><td>K\u00f6nig 2024:<\/td><td>Maik Huesmann<\/td><\/tr><tr><td>K\u00f6nig 2022:<\/td><td>Olaf Gro\u00dfe-Kleimann<\/td><\/tr><tr><td><\/td><td><\/td><\/tr><tr><td><\/td><td><\/td><\/tr><tr><td>Oberst:<\/td><td>Markus May<\/td><\/tr><tr><td>Hauptmann:<\/td><td>Henning H\u00f6seler<\/td><\/tr><tr><td>Adjudant:<\/td><td>Stefan K\u00f6lker<\/td><\/tr><tr><td><\/td><td><\/td><\/tr><tr><td>Fahnentr\u00e4ger:<\/td><td>Matthias H\u00fcsing<\/td><\/tr><tr><td><\/td><td>Mark Selker<\/td><\/tr><tr><td><\/td><td>Marius Wewers<\/td><\/tr><tr><td><\/td><td><\/td><\/tr><tr><td>Beisitzer:<\/td><td>Ronny Zimmermann<\/td><\/tr><tr><td><\/td><td>Thomas Dillmann<\/td><\/tr><tr><td><\/td><td>Bernd Kestermann<\/td><\/tr><tr><td><\/td><td>Jonas Viefhues<\/td><\/tr><tr><td><\/td><td>Sebastian Bl\u00f6mer<\/td><\/tr><tr><td><\/td><td>Paul Gro\u00dfe-Kleimann<\/td><\/tr><tr><td><\/td><td><\/td><\/tr><\/tbody><\/table><\/figure>\n\n\n\n<figure class=\"wp-block-image size-large\"><img loading=\"lazy\" decoding=\"async\" width=\"1024\" height=\"683\" src=\"http:\/\/leer-haltern.de\/wp-content\/uploads\/2024\/06\/Vorstand-1024x683.jpg\" alt=\"\" class=\"wp-image-426\" srcset=\"http:\/\/leer-haltern.de\/wp-content\/uploads\/2024\/06\/Vorstand-1024x683.jpg 1024w, http:\/\/leer-haltern.de\/wp-content\/uploads\/2024\/06\/Vorstand-300x200.jpg 300w, http:\/\/leer-haltern.de\/wp-content\/uploads\/2024\/06\/Vorstand-768x512.jpg 768w, http:\/\/leer-haltern.de\/wp-content\/uploads\/2024\/06\/Vorstand-1536x1024.jpg 1536w, http:\/\/leer-haltern.de\/wp-content\/uploads\/2024\/06\/Vorstand-2048x1365.jpg 2048w\" sizes=\"auto, (max-width: 767px) 89vw, (max-width: 1000px) 54vw, (max-width: 1071px) 543px, 580px\" \/><figcaption class=\"wp-element-caption\">Aktueller Vorstand des Sch\u00fctzenvereins Leer-Haltern 1609 e.V.<\/figcaption><\/figure>\n","protected":false},"excerpt":{"rendered":"<p>Vorstand 2024 1.Vorsitzender: Frank Berning 2.Vorsitzender: Hendrik Viefhues Schriftf\u00fchrer: Jens Budde Kassierer: Chris Gro\u00dfe-Kleimann K\u00f6nig 2024: Maik Huesmann K\u00f6nig 2022: Olaf Gro\u00dfe-Kleimann Oberst: Markus May Hauptmann: Henning H\u00f6seler Adjudant: Stefan K\u00f6lker Fahnentr\u00e4ger: Matthias H\u00fcsing Mark Selker Marius Wewers Beisitzer: Ronny Zimmermann Thomas Dillmann Bernd Kestermann Jonas Viefhues Sebastian Bl\u00f6mer Paul Gro\u00dfe-Kleimann<\/p>\n","protected":false},"author":1,"featured_media":0,"parent":0,"menu_order":0,"comment_status":"closed","ping_status":"closed","template":"","meta":{"footnotes":""},"class_list":["post-8","page","type-page","status-publish","hentry"],"jetpack_sharing_enabled":true,"_links":{"self":[{"href":"http:\/\/leer-haltern.de\/index.php?rest_route=\/wp\/v2\/pages\/8","targetHints":{"allow":["GET"]}}],"collection":[{"href":"http:\/\/leer-haltern.de\/index.php?rest_route=\/wp\/v2\/pages"}],"about":[{"href":"http:\/\/leer-haltern.de\/index.php?rest_route=\/wp\/v2\/types\/page"}],"author":[{"embeddable":true,"href":"http:\/\/leer-haltern.de\/index.php?rest_route=\/wp\/v2\/users\/1"}],"replies":[{"embeddable":true,"href":"http:\/\/leer-haltern.de\/index.php?rest_route=%2Fwp%2Fv2%2Fcomments&post=8"}],"version-history":[{"count":12,"href":"http:\/\/leer-haltern.de\/index.php?rest_route=\/wp\/v2\/pages\/8\/revisions"}],"predecessor-version":[{"id":428,"href":"http:\/\/leer-haltern.de\/index.php?rest_route=\/wp\/v2\/pages\/8\/revisions\/428"}],"wp:attachment":[{"href":"http:\/\/leer-haltern.de\/index.php?rest_route=%2Fwp%2Fv2%2Fmedia&parent=8"}],"curies":[{"name":"wp","href":"https:\/\/api.w.org\/{rel}","templated":true}]}}

<h2 class="wp-block-heading"><strong>Vorstand 2024</strong></h2>



<p></p>



<figure class="wp-block-table"><table><tbody><tr><td>1.Vorsitzender:</td><td>Frank Berning</td></tr><tr><td>2.Vorsitzender:</td><td>Hendrik Viefhues</td></tr><tr><td>Schriftführer:</td><td>Jens Budde</td></tr><tr><td>Kassierer:</td><td>Chris Große-Kleimann</td></tr><tr><td></td><td></td></tr><tr><td>König 2024:</td><td>Maik Huesmann</td></tr><tr><td>König 2022:</td><td>Olaf Große-Kleimann</td></tr><tr><td></td><td></td></tr><tr><td></td><td></td></tr><tr><td>Oberst:</td><td>Markus May</td></tr><tr><td>Hauptmann:</td><td>Henning Höseler</td></tr><tr><td>Adjudant:</td><td>Stefan Kölker</td></tr><tr><td></td><td></td></tr><tr><td>Fahnenträger:</td><td>Matthias Hüsing</td></tr><tr><td></td><td>Mark Selker</td></tr><tr><td></td><td>Marius Wewers</td></tr><tr><td></td><td></td></tr><tr><td>Beisitzer:</td><td>Ronny Zimmermann</td></tr><tr><td></td><td>Thomas Dillmann</td></tr><tr><td></td><td>Bernd Kestermann</td></tr><tr><td></td><td>Jonas Viefhues</td></tr><tr><td></td><td>Sebastian Blömer</td></tr><tr><td></td><td>Paul Große-Kleimann</td></tr><tr><td></td><td></td></tr></tbody></table></figure>



<figure class="wp-block-image size-large"><img loading="lazy" decoding="async" width="1024" height="683" src="http://leer-haltern.de/wp-content/uploads/2024/06/Vorstand-1024x683.jpg" alt="" class="wp-image-426" srcset="http://leer-haltern.de/wp-content/uploads/2024/06/Vorstand-1024x683.jpg 1024w, http://leer-haltern.de/wp-content/uploads/2024/06/Vorstand-300x200.jpg 300w, http://leer-haltern.de/wp-content/uploads/2024/06/Vorstand-768x512.jpg 768w, http://leer-haltern.de/wp-content/uploads/2024/06/Vorstand-1536x1024.jpg 1536w, http://leer-haltern.de/wp-content/uploads/2024/06/Vorstand-2048x1365.jpg 2048w" sizes="auto, (max-width: 767px) 89vw, (max-width: 1000px) 54vw, (max-width: 1071px) 543px, 580px" /><figcaption class="wp-element-caption">Aktueller Vorstand des Schützenvereins Leer-Haltern 1609 e.V.</figcaption></figure>

<p>Vorstand 2024 1.Vorsitzender: Frank Berning 2.Vorsitzender: Hendrik Viefhues Schriftführer: Jens Budde Kassierer: Chris Große-Kleimann König 2024: Maik Huesmann König 2022: Olaf Große-Kleimann Oberst: Markus May Hauptmann: Henning Höseler Adjudant: Stefan Kölker Fahnenträger: Matthias Hüsing Mark Selker Marius Wewers Beisitzer: Ronny Zimmermann Thomas Dillmann Bernd Kestermann Jonas Viefhues Sebastian Blömer Paul Große-Kleimann</p>
